2, 127, 131, 1039
What are the prime factors of 69893?
37, 1889
What are the prime factors of 3937966326?
2, 3, 7, 17, 1838453
What are the prime factors of 3893138427?
3, 3967, 327127
List the prime factors of 328040638.
2, 53, 58391
What are the prime factors of 78652565?
5, 37, 425149
List the prime factors of 516703509.
3, 7, 811, 3371
List the prime factors of 5959371730.
2, 5, 13, 41, 1118081
List the prime factors of 65547866.
2, 32773933
List the prime factors of 1350419084.
2, 7, 1283, 37591
What are the prime factors of 1231260810?
2, 3, 5, 13, 421, 7499
List the prime factors of 3131752791.
3, 1451, 719447
What are the prime factors of 33835279?
37, 914467
List the prime factors of 8610207826.
2, 11, 23, 1553, 10957
What are the prime factors of 536946950?
2, 5, 10738939
What are the prime factors of 504555056?
2, 31534691
List the prime factors of 72206996.
2, 18051749
List the prime factors of 82482070.
2, 5, 11, 6197
List the prime factors of 100255123.
100255123
List the prime factors of 47993207.
677, 70891
List the prime factors of 68796356.
2, 17199089
What are the prime factors of 725396129?
163, 4450283
List the prime factors of 62924027.
2663, 23629
List the prime factors of 5574238452.
2, 3, 51613319
What are the prime factors of 939323488?
2, 2609, 11251
List the prime factors of 4970836044.
2, 3, 151, 914429
What are the prime factors of 145132039?
13, 11164003
What are the prime factors of 852209508?
2, 3, 19, 569, 6569
List the prime factors of 115935448.
2, 14491931
What are the prime factors of 2308044147?
3, 31, 24817679
What are the prime factors of 737634535?
5, 11, 13411537
What are the prime factors of 3540797888?
2, 55324967
List the prime factors of 984602804.
2, 17, 163, 211, 421
List the prime factors of 20205086.
2, 11, 23, 73, 547
List the prime factors of 1496315646.
2, 3, 7, 23, 1069
What are the prime factors of 59203674?
2, 3, 29, 113417
What are the prime factors of 576507663?
3, 64056407
What are the prime factors of 24294143?
24294143
What are the prime factors of 523603724?
2, 7, 37, 505409
List the prime factors of 301040682.
2, 3, 1609, 31183
What are the prime factors of 35678251?
7, 5096893
What are the prime factors of 526013512?
2, 181, 363269
What are the prime factors of 72134696?
2, 53, 61, 2789
List the prime factors of 312811957.
312811957
List the prime factors of 36350965.
5, 7, 1038599
What are the prime factors of 166513156?
2, 41628289
List the prime factors of 16440719.
19, 865301
List the prime factors of 443739828.
2, 3, 7, 23, 31, 239
List the prime factors of 75985884.
2, 3, 13, 54121
What are the prime factors of 2509350795?
3, 5, 7, 2767, 2879
List the prime factors of 191712258.
2, 3, 1183409
What are the prime factors of 6089102?
2, 71, 137, 313
List the prime factors of 2391048390.
2, 3, 5, 47, 1695779
List the prime factors of 30632108.
2, 13, 641, 919
List the prime factors of 1534202245.
5, 31, 2203, 4493
What are the prime factors of 3448060030?
2, 5, 344806003
List the prime factors of 73066547.
79, 179, 5167
What are the prime factors of 529834262?
2, 264917131
List the prime factors of 1739920141.
61, 28523281
List the prime factors of 940607347.
940607347
List the prime factors of 31250701.
197, 158633
What are the prime factors of 39305292?
2, 3, 13, 17, 14821
List the prime factors of 69422058.
2, 3, 421, 9161
List the prime factors of 44482766.
2, 127, 175129
What are the prime factors of 1600060278?
2, 3, 1759, 151607
List the prime factors of 106513377.
3, 1283, 27673
What are the prime factors of 40235994?
2, 3, 59, 73, 173
What are the prime factors of 439539712?
2, 157, 1367
List the prime factors of 114003321.
3, 29, 1310383
What are the prime factors of 3803820998?
2, 433, 4392403
What are the prime factors of 878674393?
17, 29, 1782301
What are the prime factors of 444158686?
2, 2293, 96851
What are the prime factors of 133241273?
11, 109, 111127
List the prime factors of 509209668.
2, 3, 11, 41, 79, 397
List the prime factors of 15377438.
2, 67, 114757
List the prime factors of 326499981.
3, 53, 2053459
List the prime factors of 3617834372.
2, 1093, 827501
What are the prime factors of 130171508?
2, 19, 233, 7351
What are the prime factors of 768136478?
2, 829, 463291
What are the prime factors of 320157190?
2, 5, 5519, 5801
What are the prime factors of 310521060?
2, 3, 5, 43, 311
List the prime factors of 271166774.
2, 173, 783719
What are the prime factors of 47160744?
2, 3, 89, 22079
List the prime factors of 47341144.
2, 607, 9749
List the prime factors of 418022150.
2, 5, 7, 13, 91873
What are the prime factors of 52257612?
2, 3, 11, 395891
List the prime factors of 156956533.
156956533
List the prime factors of 151887901.
11, 13807991
List the prime factors of 47565370.
2, 5, 4756537
What are the prime factors of 3830885767?
3830885767
List the prime factors of 2775364.
2, 23, 97, 311
What are the prime factors of 1263802326?
2, 3, 131, 751, 2141
What are the prime factors of 169395047?
109, 1554083
What are the prime factors of 5435078788?
2, 1358769697
What are the prime factors of 9351337?
9351337
List the prime factors of 23596962.
2, 3, 3932827
List the prime factors of 67219379.
6469, 10391
What are the prime factors of 186392553?
3, 31, 47, 42643
What are the prime factors of 319451381?
149, 2143969
What are the prime factors of 30923491?
2311, 13381
What are the prime factors of 155287978?
2, 77643989
What are the prime factors of 44022376?
2, 857, 6421
What are the prime factors of 580423694?
2, 757, 383371
List the prime factors of 99785813.
61, 487, 3359
What are the prime factors of 215248894?
2, 7, 3083, 4987
List the prime factors of 5347703084.
2, 43, 439, 70823
List the prime factors of 2128077603.
3, 2861, 3061
List the prime factors of 39541376.
2, 7, 44131
What are the prime factors of 366178316?
2, 7, 47, 67, 4153
List the prime factors of 332852269.
332852269
List the prime factors of 6290352058.
2, 487, 6458267
What are the prime factors of 695060154?
2, 3, 743, 51971
List the prime factors of 1096347001.
29, 37805069
List the prime factors of 4016253791.
11, 17, 21477293
List the prime factors of 1543980148.
2, 127, 131, 23201
What are the prime factors of 1160506609?
1160506609
List the prime factors of 97509414.
2, 3, 16251569
What are the prime factors of 170404670?
2, 5, 17040467
What are the prime factors of 5210897?
733, 7109
List the prime factors of 53953031.
11, 4904821
What are the prime factors of 5345615762?
2, 17, 19, 29, 285343
List the prime factors of 411644258.
2, 205822129
List the prime factors of 29322824.
2, 17, 251, 859
List the prime factors of 665550788.
2, 7, 3253, 7307
What are the prime factors of 418506896?
2, 23, 1137247
List the prime factors of 114274562.
2, 57137281
What are the prime factors of 1370783542?
2, 17, 29, 1390247
List the prime factors of 73338791.
41, 487, 3673
What are the prime factors of 320271376?
2, 20016961
List the prime factors of 26421708.
2, 3, 47, 79, 593
What are the prime factors of 1332534196?
2, 7, 1997, 23831
List the prime factors of 753066011.
1753, 429587
List the prime factors of 294667663.
294667663
List the prime factors of 3186737285.
5, 19, 23, 1458461
What are the prime factors of 742942230?
2, 3, 5, 67, 113, 3271
List the prime factors of 39663277.
41, 967397
List the prime factors of 7495027679.
19, 6163, 64007
What are the prime factors of 63693901?
63693901
List the prime factors of 478742658.
2, 3, 19, 47, 199, 449
What are the prime factors of 1983849371?
7, 29, 31, 315247
What are the prime factors of 74694728?
2, 521, 17921
List the prime factors of 2715539626.
2, 20201, 67213
List the prime factors of 31324150.
2, 5, 11, 13, 337
List the prime factors of 1927708998.
2, 3, 321284833
List the prime factors of 4449294316.
2, 1112323579
What are the prime factors of 360274171?
101, 113, 31567
What are the prime factors of 1630457538?
2, 3, 1237, 219679
List the prime factors of 2196478845.
3, 5, 11, 59, 75209
What are the prime factors of 546094780?
2, 5, 7, 11, 32237
What are the prime factors of 52174470?
2, 3, 5, 89, 19541
List the prime factors of 2352643295.
5, 470528659
List the prime factors of 2527619389.
2527619389
List the prime fact